nvert -21742 (base 9) to base 10.
-14456
b5b21 (base 14) to base 12
191901
-103013223 (base 4) to base 11
-53926
What is 6158a (base 13) in base 9?
285353
Convert -8d424 (base 15) to base 16.
-6dd11
-11a5c9 (base 16) to base 3
-2011202111022
1234823 (base 11) to base 9
4026784
251301052 (base 6) to base 5
2214013034
13b386 (base 14) to base 7
5546026
Convert 2aae (base 16) to base 8.
25256
240341420 (base 6) to base 13
c1aa96
240311122 (base 5) to base 9
2062248
2229432 (base 10) to base 8
10402270
544065 (base 7) to base 14
268dc
What is -1011110010110 (base 2) in base 5?
-143123
Convert -2212330 (base 7) to base 11.
-176535
Convert 32011032 (base 4) to base 8.
160516
What is 587511 (base 9) in base 11?
221448
Convert -3131200 (base 5) to base 13.
-1a8cb
What is 140602 (base 11) in base 14?
5a42b
-10001001011110010010100 (base 2) to base 12
-1612a98
What is 21001200000 (base 3) in base 12?
68530
Convert 24163641 (base 9) to base 2.
101100111111000110111011
-1303300 (base 4) to base 7
-30412
What is -4611330 (base 8) in base 16?
-1312d8
Convert 10c257 (base 14) to base 7.
4566240
c4a7 (base 13) to base 6
325453
What is -1101011122112 (base 3) in base 5?
-141403120
What is -110110010111111000001101 (base 2) in base 6?
-1225300445
Convert -26cda (base 14) to base 7.
-546263
42200110 (base 6) to base 12
4b3036
-45785 (base 11) to base 14
-1a179
What is -52051340 (base 7) in base 12?
-1566428
112201202031 (base 4) to base 13
12b9703
What is 4e8930 (base 15) in base 11?
21494aa
What is 26864 (base 14) in base 16?
172e8
Convert -2796593 (base 10) to base 6.
-135535105
387823 (base 13) to base 4
11023310113
What is -3378b (base 13) in base 14?
-2615a
-57319 (base 11) to base 4
-110033121
Convert -113231112 (base 4) to base 14.
-27566
Convert 1110110101111011111 (base 2) to base 4.
1312233133
Convert 1685a66 (base 13) to base 16.
6f5346
Convert 7c5cb0 (base 14) to base 10.
4241986
Convert 14667011 (base 8) to base 16.
336e09
Convert 2156761 (base 8) to base 4.
2031313301
What is -16c028b (base 14) in base 9?
-23087160
Convert 21604222 (base 7) to base 13.
504a93
What is -18ab (base 15) in base 7?
-21362
What is 95779d (base 15) in base 9?
14340884
-51114504 (base 6) to base 2
-101100011100101001000
What is 20002113323 (base 4) in base 16?
2025fb
What is -10b068 (base 13) in base 12?
-170aa2
Convert 1122002002111 (base 3) to base 9.
1562074
39178a (base 13) to base 9
2524315
5a821 (base 11) to base 9
143028
2101102202 (base 3) to base 13
184c4
What is -1001010010110000 (base 2) in base 10?
-38064
What is 10534551 (base 7) in base 16?
dfbd2
Convert 3640040 (base 7) to base 6.
13533245
Convert 31250110 (base 6) to base 3.
1201011021120
Convert 41d23 (base 15) to base 5.
23140313
2247567 (base 11) to base 9
7355120
Convert 33434104 (base 5) to base 13.
a4a51
-11341403 (base 6) to base 15
-704cc
What is 12b77 (base 13) in base 7?
203533
Convert -140331440 (base 6) to base 7.
-33012603
What is -11432424 (base 5) in base 2?
-11010011111001001
-21535282 (base 9) to base 14
-1551db6
4052335 (base 6) to base 5
22144132
Convert c143b (base 15) to base 4.
2111113313
-501312 (base 8) to base 4
-220023022
What is 322001310 (base 4) in base 15?
4a659
Convert -76005 (base 12) to base 7.
-1215266
What is -4523303 (base 6) in base 7?
-1642134
Convert -111932 (base 10) to base 2.
-11011010100111100
Convert a8021a (base 14) to base 13.
12410b5
What is 1071710 (base 9) in base 4?
2031101301
What is -435322 (base 11) in base 15?
-dae99
What is 150633 (base 8) in base 6?
1052231
2a5687 (base 14) to base 5
334143243
2300030310 (base 4) to base 10
721716
What is -26aa94 (base 14) in base 11?
-83256a
-30132002 (base 4) to base 5
-3113244
What is 3131031200 (base 4) in base 12?
378428
Convert -11641065 (base 8) to base 6.
-131051205
What is -3613532 (base 11) in base 8?
-30021147
What is -31918 (base 12) in base 16?
-fee4
What is 1616 (base 15) in base 7?
16560
22018 (base 10) to base 6
245534
86098 (base 10) to base 5
10223343
-4a082 (base 12) to base 9
-162548
What is 33231 (base 10) in base 11?
22a70
Convert -16557782 (base 9) to base 4.
-133223230001
Convert -108a76 (base 11) to base 5.
-21013432
Convert 4cc000 (base 13) to base 8.
7045474
Convert 39ac2 (base 14) to base 10.
142074
Convert 1c1862 (base 14) to base 3.
1212222011002
89ab64 (base 16) to base 15
bd3423
-d326 (base 16) to base 3
-2202011000
Convert 11bab8 (base 13) to base 11.
270a58
Convert -56256661 (base 7) to base 16.
-4a55c7
Convert 204693 (base 11) to base 8.
1201076
What is c5ee (base 15) in base 12?
20275
b73c (base 16) to base 4
23130330
What is 4139a5 (base 12) in base 16?
f9acd
2191668 (base 13) to base 3
201100112201110
Convert 470a3c (base 13) to base 12.
694220
Convert 1547a1 (base 12) to base 11.
226986
-cc9e1 (base 16) to base 3
-1120120200020
Convert -1578834 (base 10) to base 12.
-641816
31355 (base 15) to base 3
21220222222
What is 21231023 (base 4) in base 2?
1001101101001011
Convert 4125240 (base 8) to base 14.
2060a4
1110101101000001110 (base 2) to base 10
481806
-2725771 (base 8) to base 3
-1102212021102
What is 1000000001001111011 (base 2) in base 13?
927ba
-38a87a (base 15) to base 13
-742669
-385406 (base 11) to base 2
-10010100010011000010
What is 34532 (base 14) in base 4?
133010100
What is 1312023330 (base 4) in base 15?
9867c
-6aec49 (base 16) to base 8
-32566111
What is 11001001100101010001 (base 2) in base 14?
176c93
What is 3141023 (base 5) in base 9?
80176
167437 (base 9) to base 2
11001010111000100
-79b73 (base 12) to base 15
-331a0
Convert -801364 (base 9) to base 12.
-1a9b7a
Convert -23121102 (base 5) to base 6.
-4241204
5188131 (base 9) to base 5
1202242213
-245126432 (base 7) to base 9
-32036065
Convert -464647 (base 9) to base 15.
-57a07
24230046 (base 7) to base 10
2158533
-2020031 (base 4) to base 9
-12855
Convert 3136341 (base 7) to base 15.
77546
Convert -b070e (base 16) to base 5.
-141111302
Convert -1e0a6 (base 15) to base 9.
-158423
What is -26bba (base 14) in base 3?
-11212011100
Convert -20224 (base 8) to base 3.
-102102220
-4752bb (base 13) to base 2
-110011110001101000000
Convert -8318037 (base 9) to base 7.
-52514551
What is 4541421 (base 6) in base 8?
703225
What is -6582130 (base 9) in base 11?
-1aa7124
What is -1288c14 (base 13) in base 5?
-2442130004
Convert 1029646 (base 10) to base 5.
230422041
6325463 (base 7) to base 10
763073
Convert -1323130002 (base 4) to base 15.
-9ec1c
13110412 (base 5) to base 9
215674
-6486385 (base 9) to base 4
-31102012220
Convert 447671 (base 10) to base 7.
3543110
What is 108642 (base 11) in base 12?
83987
6112502 (base 7) to base 14
14c839
-4c62e (base 15) to base 12
-b9522
What is 248b2 (base 12) in base 6?
1021542
What is 100202120101000 (base 3) in base 6?
303105430
What is 8e18b8 (base 15) in base 5?
3214222343
What is 424252 (base 7) in base 5?
4323122
Convert 27212a (base 11) to base 14.
b1a8c
Convert -272a8 (base 16) to base 11.
-aa590
Convert 322111103312 (base 4) to base 9.
31686158
-21111210000 (base 3) to base 8
-440561
-23123003110 (base 4) to base 2
-1011011011000011010100
What is 2008889 (base 10) in base 7?
23034551
What is 5060026 (base 8) in base 16?
146016
111111000110101110010011 (base 2) to base 16
fc6b93
Convert 101100010110010001001100 (base 2) to base 3.
210212122020212
-4d3b2 (base 14) to base 8
-563200
Convert 472757 (base 11) to base 3.
1102010011111
-1400404313 (base 5) to base 13
-9671c1
-1233012330 (base 4) to base 13
-12c1b9
Convert -101636 (base 9) to base 8.
-165611
What is 134a896 (base 11) in base 16?
23846d
-1213441 (base 6) to base 4
-33231001
-221023 (base 8) to base 5
-4334014
What is -1573414 (base 8) in base 5?
-104101320
-112211000022 (base 3) to base 10
-291608
Convert 12102122210101 (base 3) to base 16.
2c0c20
5123512 (base 6) to base 9
412328
-dcabd (base 14) to base 9
-1004127
What is 120102202201 (base 3) in base 5?
34210243
-cd94a0 (base 14) to base 13
-15a4749
242278a (base 11) to base 10
4220215
What is 245012612 (base 7) in base 4?
322303201301
Convert -41b0534 (base 12) to base 8.
-57304770
Convert 492262 (base 10) to base 6.
14314554
What is 101110000111111000000 (base 2) in base 14?
2b4b04
23b4e (base 16) to base 3
21102121211
What is -36105315 (base 7) in base 6?
-15